{"id":724,"date":"2010-09-15T05:33:46","date_gmt":"2010-09-15T05:33:46","guid":{"rendered":"http:\/\/elegantthemes.com\/preview\/DeepFocus\/?page_id=2"},"modified":"2016-04-14T14:32:26","modified_gmt":"2016-04-14T14:32:26","slug":"about-atrix","status":"publish","type":"page","link":"https:\/\/www.atrix3.it\/index.php\/about-atrix\/","title":{"rendered":"About"},"content":{"rendered":"<p>[et_pb_section admin_label=&#8221;Section&#8221; fullwidth=&#8221;on&#8221; specialty=&#8221;off&#8221;][et_pb_fullwidth_post_title admin_label=&#8221;titolo post&#8221; title=&#8221;on&#8221; meta=&#8221;off&#8221; author=&#8221;on&#8221; date=&#8221;on&#8221; categories=&#8221;on&#8221; comments=&#8221;on&#8221; featured_image=&#8221;off&#8221; featured_placement=&#8221;below&#8221; parallax_effect=&#8221;on&#8221; parallax_method=&#8221;on&#8221; text_orientation=&#8221;center&#8221; text_color=&#8221;light&#8221; text_background=&#8221;on&#8221; text_bg_color=&#8221;#fc0a0a&#8221; module_bg_color=&#8221;#fc0a0a&#8221; title_font=&#8221;|on|||&#8221; title_all_caps=&#8221;off&#8221; meta_font_size=&#8221;14&#8243; use_border_color=&#8221;off&#8221; border_color=&#8221;#ffffff&#8221; border_style=&#8221;solid&#8221; custom_margin=&#8221;0px||0px|&#8221; custom_padding=&#8221;0px||0px|&#8221; saved_tabs=&#8221;all&#8221;]<\/p>\n<p>[\/et_pb_fullwidth_post_title][\/et_pb_section][et_pb_section admin_label=&#8221;section&#8221; transparent_background=&#8221;off&#8221; background_color=&#8221;#f2f2f2&#8243; allow_player_pause=&#8221;off&#8221; inner_shadow=&#8221;off&#8221; parallax=&#8221;off&#8221; parallax_method=&#8221;off&#8221; padding_mobile=&#8221;off&#8221; make_fullwidth=&#8221;off&#8221; use_custom_width=&#8221;off&#8221; width_unit=&#8221;on&#8221; make_equal=&#8221;off&#8221; use_custom_gutter=&#8221;off&#8221; gutter_width=&#8221;3&#8243; custom_padding=&#8221;0px||0px|&#8221;][et_pb_row admin_label=&#8221;row&#8221;][et_pb_column type=&#8221;4_4&#8243;][et_pb_text admin_label=&#8221;Text&#8221; background_layout=&#8221;light&#8221; text_orientation=&#8221;left&#8221; text_font_size=&#8221;14&#8243; use_border_color=&#8221;off&#8221; border_color=&#8221;#ffffff&#8221; border_style=&#8221;solid&#8221;]<\/p>\n<h3><span style=\"background-color: red;\"><span style=\"color: #ffffff; font-size: 25px;\">\u00a0A<\/span>\u00a0<\/span><span style=\"color: #717171;\">trix<\/span><span style=\"color: #ff0000;\"><strong><span style=\"font-size: 15px;\"><sup> 3<\/sup><\/span><\/strong><\/span><\/h3>\n<p>\u00e8 di utilizzo semplice, sa gestire ogni informazione in modo rapido e completo, non ha limiti di crescita e\u00a0 la sua struttura modulare consente di adattarsi alle singole specifiche esigenze.<\/p>\n<p>Sa gestire gli appuntamenti, le cartelle pazienti, i piani di trattamento, la diagnosi per immagini e molto altro ancora in modo completo e semplice.<br \/>\nSa fornire ogni indicazione di costo e di gestione per aiutare a prendere la decisione pi\u00f9 corretta, risparmiare tempo e incrementare i guadagni.<\/p>\n<p>[\/et_pb_text][\/et_pb_column][\/et_pb_row][\/et_pb_section][et_pb_section admin_label=&#8221;Section&#8221; fullwidth=&#8221;off&#8221; specialty=&#8221;off&#8221; transparent_background=&#8221;off&#8221; allow_player_pause=&#8221;off&#8221; inner_shadow=&#8221;off&#8221; parallax=&#8221;off&#8221; parallax_method=&#8221;off&#8221; custom_padding=&#8221;0px||0px|&#8221; padding_mobile=&#8221;off&#8221; make_fullwidth=&#8221;off&#8221; use_custom_width=&#8221;off&#8221; width_unit=&#8221;on&#8221; make_equal=&#8221;off&#8221; use_custom_gutter=&#8221;off&#8221; gutter_width=&#8221;3&#8243;][et_pb_row admin_label=&#8221;row&#8221; make_fullwidth=&#8221;off&#8221; use_custom_width=&#8221;off&#8221; width_unit=&#8221;on&#8221; use_custom_gutter=&#8221;off&#8221; gutter_width=&#8221;3&#8243; padding_mobile=&#8221;off&#8221; allow_player_pause=&#8221;off&#8221; parallax=&#8221;off&#8221; parallax_method=&#8221;off&#8221; make_equal=&#8221;off&#8221; parallax_1=&#8221;off&#8221; parallax_method_1=&#8221;off&#8221; parallax_2=&#8221;off&#8221; parallax_method_2=&#8221;off&#8221; parallax_3=&#8221;off&#8221; parallax_method_3=&#8221;off&#8221; column_padding_mobile=&#8221;on&#8221;][et_pb_column type=&#8221;1_3&#8243;][et_pb_blurb admin_label=&#8221;Blurb&#8221; url_new_window=&#8221;off&#8221; animation=&#8221;off&#8221; background_layout=&#8221;light&#8221; text_orientation=&#8221;left&#8221; icon_placement=&#8221;top&#8221; font_icon=&#8221;%%102%%&#8221; use_icon=&#8221;on&#8221; use_circle=&#8221;off&#8221; use_circle_border=&#8221;on&#8221; icon_color=&#8221;#7c7c7c&#8221; circle_color=&#8221;#ffffff&#8221; circle_border_color=&#8221;#dd3333&#8243; use_icon_font_size=&#8221;off&#8221; header_font_size=&#8221;18&#8243; body_font_size=&#8221;14&#8243; use_border_color=&#8221;off&#8221; border_color=&#8221;#ffffff&#8221; border_style=&#8221;solid&#8221;]<\/p>\n<h3><span style=\"background-color: red;\"><span style=\"color: #ffffff; font-size: 25px;\">\u00a0A<\/span>\u00a0<\/span><span style=\"color: #717171;\">trix<\/span><span style=\"color: #ff0000;\"><strong><span style=\"font-size: 15px;\"><sup> 3 <\/sup><\/span><\/strong><em>S<span style=\"color: #7c7c7c;\">imple<\/span><\/em><\/span><\/h3>\n<p>\u00e8\u00a0 la\u00a0 soluzione\u00a0 software\u00a0 che\u00a0 consente\u00a0 di\u00a0 gestire il singolo Studio in modo semplice e completo. Tutti i dati dello Studio sono sotto controllo con un semplice click.<\/p>\n<p>[\/et_pb_blurb][\/et_pb_column][et_pb_column type=&#8221;1_3&#8243;][et_pb_blurb admin_label=&#8221;Blurb&#8221; url_new_window=&#8221;off&#8221; animation=&#8221;off&#8221; background_layout=&#8221;light&#8221; text_orientation=&#8221;left&#8221; icon_placement=&#8221;top&#8221; font_icon=&#8221;%%103%%&#8221; use_icon=&#8221;on&#8221; use_circle=&#8221;off&#8221; use_circle_border=&#8221;off&#8221; icon_color=&#8221;#7c7c7c&#8221; circle_color=&#8221;#7c4dd5&#8243; circle_border_color=&#8221;#2caaca&#8221; use_icon_font_size=&#8221;off&#8221; header_font_size=&#8221;18&#8243; body_font_size=&#8221;14&#8243; use_border_color=&#8221;off&#8221; border_color=&#8221;#ffffff&#8221; border_style=&#8221;solid&#8221;]<\/p>\n<h3><span style=\"background-color: red;\"><span style=\"color: #ffffff; font-size: 25px;\">\u00a0A<\/span>\u00a0<\/span><span style=\"color: #717171;\">trix<\/span><span style=\"color: #ff0000;\"><strong><span style=\"font-size: 15px;\"><sup> 3 <\/sup><\/span><\/strong><em><span style=\"color: #7c7c7c;\">N<span style=\"color: #fc0a0a;\">etwork<\/span><\/span><\/em><\/span><\/h3>\n<p>\u00e8 la soluzione software che\u00a0 consente di gestire contemporaneamente pi\u00f9 di uno Studio e realt\u00e0 pi\u00f9 complesse\u00a0 come\u00a0 i Network, sia in Italia che all&#8217;estero.\u00a0 Ogni\u00a0 Studio\u00a0 disporr\u00e0\u00a0 del controllo\u00a0 completo delle proprie\u00a0 attivit\u00e0,\u00a0 rendendo\u00a0 nel contempo disponibili la totalit\u00e0 delle informazioni gestionali e contabili, anche in valute diverse, per consentire economie di scala ed il controllo gestionale.<\/p>\n<p>&nbsp;<\/p>\n<p>[\/et_pb_blurb][\/et_pb_column][et_pb_column type=&#8221;1_3&#8243;][et_pb_blurb admin_label=&#8221;Blurb&#8221; url_new_window=&#8221;off&#8221; animation=&#8221;off&#8221; background_layout=&#8221;light&#8221; text_orientation=&#8221;left&#8221; icon_placement=&#8221;top&#8221; font_icon=&#8221;%%165%%&#8221; use_icon=&#8221;on&#8221; use_circle=&#8221;off&#8221; use_circle_border=&#8221;off&#8221; icon_color=&#8221;#7c7c7c&#8221; circle_color=&#8221;#7c4dd5&#8243; circle_border_color=&#8221;#2caaca&#8221; use_icon_font_size=&#8221;off&#8221; header_font_size=&#8221;18&#8243; body_font_size=&#8221;14&#8243; use_border_color=&#8221;off&#8221; border_color=&#8221;#ffffff&#8221; border_style=&#8221;solid&#8221;]<\/p>\n<h3><span style=\"background-color: red;\"><span style=\"color: #ffffff; font-size: 25px;\">\u00a0A<\/span>\u00a0<\/span><span style=\"color: #717171;\">trix<\/span><span style=\"color: #ff0000;\"><strong><span style=\"font-size: 15px;\"><sup> 3 <\/sup><\/span><\/strong><em>G<span style=\"color: #7c7c7c;\">lobal<\/span><\/em><\/span><\/h3>\n<p>\u00e8 la soluzione ideale per le grandi Cliniche. Realt\u00e0 complesse sono gestite in modo completo, tenendo sotto controllo l\u2019organizzazione, la pianificazione delle attivit\u00e0, i costi e la gestione. La possibilit\u00e0 di utilizzare valute differenti consente di gestire un network distribuito di Cliniche sia in Italia che all\u2019estero, fornendo sempre lo strumento per il controllo completo ed integrato dei dati.<\/p>\n<p>[\/et_pb_blurb][\/et_pb_column][\/et_pb_row][\/et_pb_section]<\/p>\n","protected":false},"excerpt":{"rendered":"<p>[et_pb_section admin_label=&#8221;Section&#8221; fullwidth=&#8221;on&#8221; specialty=&#8221;off&#8221;][et_pb_fullwidth_post_title admin_label=&#8221;titolo post&#8221; title=&#8221;on&#8221; meta=&#8221;off&#8221; author=&#8221;on&#8221; date=&#8221;on&#8221; categories=&#8221;on&#8221; comments=&#8221;on&#8221; featured_image=&#8221;off&#8221; featured_placement=&#8221;below&#8221; parallax_effect=&#8221;on&#8221; parallax_method=&#8221;on&#8221; text_orientation=&#8221;center&#8221; text_color=&#8221;light&#8221; text_background=&#8221;on&#8221; text_bg_color=&#8221;#fc0a0a&#8221; module_bg_color=&#8221;#fc0a0a&#8221; title_font=&#8221;|on|||&#8221; title_all_caps=&#8221;off&#8221; meta_font_size=&#8221;14&#8243; use_border_color=&#8221;off&#8221; border_color=&#8221;#ffffff&#8221; border_style=&#8221;solid&#8221; custom_margin=&#8221;0px||0px|&#8221; custom_padding=&#8221;0px||0px|&#8221; saved_tabs=&#8221;all&#8221;] [\/et_pb_fullwidth_post_title][\/et_pb_section][et_pb_section admin_label=&#8221;section&#8221; transparent_background=&#8221;off&#8221; background_color=&#8221;#f2f2f2&#8243; allow_player_pause=&#8221;off&#8221; inner_shadow=&#8221;off&#8221; parallax=&#8221;off&#8221; parallax_method=&#8221;off&#8221; padding_mobile=&#8221;off&#8221; make_fullwidth=&#8221;off&#8221; use_custom_width=&#8221;off&#8221; width_unit=&#8221;on&#8221; make_equal=&#8221;off&#8221; use_custom_gutter=&#8221;off&#8221; gutter_width=&#8221;3&#8243; custom_padding=&#8221;0px||0px|&#8221;][et_pb_row admin_label=&#8221;row&#8221;][et_pb_column type=&#8221;4_4&#8243;][et_pb_text admin_label=&#8221;Text&#8221; background_layout=&#8221;light&#8221; text_orientation=&#8221;left&#8221; text_font_size=&#8221;14&#8243; use_border_color=&#8221;off&#8221; border_color=&#8221;#ffffff&#8221; border_style=&#8221;solid&#8221;] [&hellip;]<\/p>\n","protected":false},"author":1,"featured_media":0,"parent":0,"menu_order":0,"comment_status":"open","ping_status":"open","template":"","meta":{"footnotes":""},"_links":{"self":[{"href":"https:\/\/www.atrix3.it\/index.php\/wp-json\/wp\/v2\/pages\/724"}],"collection":[{"href":"https:\/\/www.atrix3.it\/index.php\/wp-json\/wp\/v2\/pages"}],"about":[{"href":"https:\/\/www.atrix3.it\/index.php\/wp-json\/wp\/v2\/types\/page"}],"author":[{"embeddable":true,"href":"https:\/\/www.atrix3.it\/index.php\/wp-json\/wp\/v2\/users\/1"}],"replies":[{"embeddable":true,"href":"https:\/\/www.atrix3.it\/index.php\/wp-json\/wp\/v2\/comments?post=724"}],"version-history":[{"count":7,"href":"https:\/\/www.atrix3.it\/index.php\/wp-json\/wp\/v2\/pages\/724\/revisions"}],"predecessor-version":[{"id":795,"href":"https:\/\/www.atrix3.it\/index.php\/wp-json\/wp\/v2\/pages\/724\/revisions\/795"}],"wp:attachment":[{"href":"https:\/\/www.atrix3.it\/index.php\/wp-json\/wp\/v2\/media?parent=724"}],"curies":[{"name":"wp","href":"https:\/\/api.w.org\/{rel}","templated":true}]}}